Dec 01 15:37:51.432 INFO testing hummingly/ics against master#8940af3cea4a9a9deabcaf843b2f8cad9a83fc61 for beta-1.31-5
Dec 01 15:37:51.432 INFO running `"docker" "create" "-v" "/mnt/big/crater/work/local/target-dirs/beta-1.31-5/worker-3/master#8940af3cea4a9a9deabcaf843b2f8cad9a83fc61:/target:rw,Z" "-v" "/mnt/big/crater/work/local/test-source/worker-3/beta-1.31-5/master#8940af3cea4a9a9deabcaf843b2f8cad9a83fc61:/source:ro,Z" "-v" "/mnt/big/crater/work/local/cargo-home:/cargo-home:ro,Z" "-v" "/mnt/big/crater/work/local/rustup-home:/rustup-home:ro,Z" "-e" "USER_ID=1000" "-e" "SOURCE_DIR=/source" "-e" "USER_ID=1000" "-e" "CMD=cargo +8940af3cea4a9a9deabcaf843b2f8cad9a83fc61-alt build --frozen" "-e" "CARGO_TARGET_DIR=/target" "-e" "CARGO_INCREMENTAL=0" "-e" "RUST_BACKTRACE=full" "-e" "RUSTFLAGS=--cap-lints=warn" "-e" "CARGO_HOME=/cargo-home" "-e" "RUSTUP_HOME=/rustup-home" "-m" "1536M" "--network" "none" "crater"`
Dec 01 15:37:51.900 INFO [stdout] 828c5a52869ad20e08152b48744b8bf1ef84b13268338690d88d8ca384554369
Dec 01 15:37:51.905 INFO running `"docker" "start" "-a" "828c5a52869ad20e08152b48744b8bf1ef84b13268338690d88d8ca384554369"`
Dec 01 15:37:52.915 INFO [stderr] usermod: no changes
Dec 01 15:37:53.055 INFO [stderr]    Compiling regex v1.1.0
Dec 01 15:38:02.743 INFO [stderr]    Compiling ics v0.2.2 (/source)
Dec 01 15:38:08.023 INFO [stderr]     Finished dev [unoptimized + debuginfo] target(s) in 15.09s
Dec 01 15:38:08.027 INFO [stderr] su: No module specific data is present
Dec 01 15:38:09.090 INFO running `"docker" "inspect" "828c5a52869ad20e08152b48744b8bf1ef84b13268338690d88d8ca384554369"`
Dec 01 15:38:09.381 INFO running `"docker" "rm" "-f" "828c5a52869ad20e08152b48744b8bf1ef84b13268338690d88d8ca384554369"`
Dec 01 15:38:09.721 INFO [stdout] 828c5a52869ad20e08152b48744b8bf1ef84b13268338690d88d8ca384554369
Dec 01 15:38:09.724 INFO running `"docker" "create" "-v" "/mnt/big/crater/work/local/target-dirs/beta-1.31-5/worker-3/master#8940af3cea4a9a9deabcaf843b2f8cad9a83fc61:/target:rw,Z" "-v" "/mnt/big/crater/work/local/test-source/worker-3/beta-1.31-5/master#8940af3cea4a9a9deabcaf843b2f8cad9a83fc61:/source:ro,Z" "-v" "/mnt/big/crater/work/local/cargo-home:/cargo-home:ro,Z" "-v" "/mnt/big/crater/work/local/rustup-home:/rustup-home:ro,Z" "-e" "USER_ID=1000" "-e" "SOURCE_DIR=/source" "-e" "USER_ID=1000" "-e" "CMD=cargo +8940af3cea4a9a9deabcaf843b2f8cad9a83fc61-alt test --frozen --no-run" "-e" "CARGO_TARGET_DIR=/target" "-e" "CARGO_INCREMENTAL=0" "-e" "RUST_BACKTRACE=full" "-e" "RUSTFLAGS=--cap-lints=warn" "-e" "CARGO_HOME=/cargo-home" "-e" "RUSTUP_HOME=/rustup-home" "-m" "1536M" "--network" "none" "crater"`
Dec 01 15:38:10.243 INFO [stdout] dfb182e5229dd30aead6017a7e3a21d93944220c2057e92be444d3accbfea0b8
Dec 01 15:38:10.249 INFO running `"docker" "start" "-a" "dfb182e5229dd30aead6017a7e3a21d93944220c2057e92be444d3accbfea0b8"`
Dec 01 15:38:11.467 INFO [stderr] usermod: no changes
Dec 01 15:38:11.547 INFO [stderr]    Compiling ics v0.2.2 (/source)
Dec 01 15:38:19.861 INFO [stderr]     Finished dev [unoptimized + debuginfo] target(s) in 8.36s
Dec 01 15:38:19.866 INFO [stderr] su: No module specific data is present
Dec 01 15:38:20.153 INFO running `"docker" "inspect" "dfb182e5229dd30aead6017a7e3a21d93944220c2057e92be444d3accbfea0b8"`
Dec 01 15:38:20.351 INFO running `"docker" "rm" "-f" "dfb182e5229dd30aead6017a7e3a21d93944220c2057e92be444d3accbfea0b8"`
Dec 01 15:38:20.544 INFO [stdout] dfb182e5229dd30aead6017a7e3a21d93944220c2057e92be444d3accbfea0b8
Dec 01 15:38:20.549 INFO running `"docker" "create" "-v" "/mnt/big/crater/work/local/target-dirs/beta-1.31-5/worker-3/master#8940af3cea4a9a9deabcaf843b2f8cad9a83fc61:/target:rw,Z" "-v" "/mnt/big/crater/work/local/test-source/worker-3/beta-1.31-5/master#8940af3cea4a9a9deabcaf843b2f8cad9a83fc61:/source:ro,Z" "-v" "/mnt/big/crater/work/local/cargo-home:/cargo-home:ro,Z" "-v" "/mnt/big/crater/work/local/rustup-home:/rustup-home:ro,Z" "-e" "USER_ID=1000" "-e" "SOURCE_DIR=/source" "-e" "USER_ID=1000" "-e" "CMD=cargo +8940af3cea4a9a9deabcaf843b2f8cad9a83fc61-alt test --frozen" "-e" "CARGO_TARGET_DIR=/target" "-e" "CARGO_INCREMENTAL=0" "-e" "RUST_BACKTRACE=full" "-e" "RUSTFLAGS=--cap-lints=warn" "-e" "CARGO_HOME=/cargo-home" "-e" "RUSTUP_HOME=/rustup-home" "-m" "1536M" "--network" "none" "crater"`
Dec 01 15:38:20.752 INFO [stdout] 4f3e3e4a446df55c648c1c78bfe7ce28341a3b615fd95dba5ed0d987dbbc4392
Dec 01 15:38:20.754 INFO running `"docker" "start" "-a" "4f3e3e4a446df55c648c1c78bfe7ce28341a3b615fd95dba5ed0d987dbbc4392"`
Dec 01 15:38:21.814 INFO [stderr] usermod: no changes
Dec 01 15:38:21.904 INFO [stderr]     Finished dev [unoptimized + debuginfo] target(s) in 0.05s
Dec 01 15:38:21.910 INFO [stderr]      Running /target/debug/deps/ics-84348c27d3cb44ed
Dec 01 15:38:21.919 INFO [stdout] 
Dec 01 15:38:21.919 INFO [stdout] running 7 tests
Dec 01 15:38:21.919 INFO [stdout] test components::contentline::line_folding_tests::multibytes ... ok
Dec 01 15:38:21.919 INFO [stdout] test components::contentline::line_folding_tests::multi_lines ... ok
Dec 01 15:38:21.919 INFO [stdout] test components::contentline::line_folding_tests::over_limit ... ok
Dec 01 15:38:21.919 INFO [stdout] test util::escape_text_tests::no_escaped_chars ... ok
Dec 01 15:38:21.919 INFO [stdout] test macros::test::parameters_btreemap ... ok
Dec 01 15:38:21.927 INFO [stdout] test util::escape_text_tests::escaped_chars ... ok
Dec 01 15:38:21.927 INFO [stdout] test util::escape_text_tests::escape_property ... ok
Dec 01 15:38:21.927 INFO [stdout] 
Dec 01 15:38:21.927 INFO [stdout] test result: ok. 7 passed; 0 failed; 0 ignored; 0 measured; 0 filtered out
Dec 01 15:38:21.927 INFO [stdout] 
Dec 01 15:38:21.927 INFO [stderr]      Running /target/debug/deps/components-e8f2ebc9ea3401d1
Dec 01 15:38:21.935 INFO [stdout] 
Dec 01 15:38:21.935 INFO [stdout] running 6 tests
Dec 01 15:38:21.935 INFO [stdout] test event ... ok
Dec 01 15:38:21.935 INFO [stdout] test alarm ... ok
Dec 01 15:38:21.943 INFO [stdout] test freebusy ... ok
Dec 01 15:38:21.951 INFO [stdout] test journal ... ok
Dec 01 15:38:21.951 INFO [stdout] test time ... ok
Dec 01 15:38:21.951 INFO [stdout] test todo ... ok
Dec 01 15:38:21.951 INFO [stdout] 
Dec 01 15:38:21.951 INFO [stdout] test result: ok. 6 passed; 0 failed; 0 ignored; 0 measured; 0 filtered out
Dec 01 15:38:21.951 INFO [stdout] 
Dec 01 15:38:21.951 INFO [stdout] 
Dec 01 15:38:21.951 INFO [stdout] running 2 tests
Dec 01 15:38:21.951 INFO [stdout] test icalendar_todo ... ok
Dec 01 15:38:21.951 INFO [stderr]      Running /target/debug/deps/ical-15d72397c6200992
Dec 01 15:38:21.959 INFO [stdout] test icalendar_event ... ok
Dec 01 15:38:21.959 INFO [stdout] 
Dec 01 15:38:21.959 INFO [stdout] test result: ok. 2 passed; 0 failed; 0 ignored; 0 measured; 0 filtered out
Dec 01 15:38:21.959 INFO [stdout] 
Dec 01 15:38:21.959 INFO [stderr]    Doc-tests ics
Dec 01 15:38:23.291 INFO [stdout] 
Dec 01 15:38:23.291 INFO [stdout] running 4 tests
Dec 01 15:38:27.086 INFO [stdout] test src/components/mod.rs - components (line 8) ... ok
Dec 01 15:38:28.079 INFO [stdout] test src/util.rs - util::escape_text (line 8) ... ok
Dec 01 15:38:28.287 INFO [stdout] test src/macros.rs - parameters (line 4) ... ok
Dec 01 15:38:28.350 INFO [stdout] test src/lib.rs -  (line 30) ... FAILED
Dec 01 15:38:28.350 INFO [stdout] 
Dec 01 15:38:28.350 INFO [stdout] failures:
Dec 01 15:38:28.350 INFO [stdout] 
Dec 01 15:38:28.350 INFO [stdout] ---- src/lib.rs -  (line 30) stdout ----
Dec 01 15:38:28.350 INFO [stdout] thread 'src/lib.rs -  (line 30)' panicked at 'test executable failed:
Dec 01 15:38:28.350 INFO [stdout] 
Dec 01 15:38:28.350 INFO [stdout] thread 'main' panicked at 'Unable to create file: Os { code: 30, kind: Other, message: "Read-only file system" }', libcore/result.rs:1009:5
Dec 01 15:38:28.350 INFO [stdout] stack backtrace:
Dec 01 15:38:28.350 INFO [stdout]    0:     0x5591d2ca14bf - std::sys::unix::backtrace::tracing::imp::unwind_backtrace::h3a8b83e1922cbdde
Dec 01 15:38:28.350 INFO [stdout]                                at libstd/sys/unix/backtrace/tracing/gcc_s.rs:49
Dec 01 15:38:28.350 INFO [stdout]    1:     0x5591d2ca9417 - std::sys_common::backtrace::print::h00d3155a29b4020f
Dec 01 15:38:28.350 INFO [stdout]                                at libstd/sys_common/backtrace.rs:71
Dec 01 15:38:28.350 INFO [stdout]                                at libstd/sys_common/backtrace.rs:59
Dec 01 15:38:28.350 INFO [stdout]    2:     0x5591d2ca440f - std::panicking::default_hook::{{closure}}::hd7465c742e79e1bb
Dec 01 15:38:28.350 INFO [stdout]                                at libstd/panicking.rs:211
Dec 01 15:38:28.350 INFO [stdout]    3:     0x5591d2ca4174 - std::panicking::default_hook::h9e3966f2aa2a6e12
Dec 01 15:38:28.350 INFO [stdout]                                at libstd/panicking.rs:227
Dec 01 15:38:28.351 INFO [stdout]    4:     0x5591d2ca4a3e - std::panicking::rust_panic_with_hook::h587f091ae747d080
Dec 01 15:38:28.351 INFO [stdout]                                at libstd/panicking.rs:476
Dec 01 15:38:28.351 INFO [stdout]    5:     0x5591d2ca45e1 - std::panicking::continue_panic_fmt::hb3a4fdede87f43a8
Dec 01 15:38:28.351 INFO [stdout]                                at libstd/panicking.rs:390
Dec 01 15:38:28.351 INFO [stdout]    6:     0x5591d2ca44c5 - rust_begin_unwind
Dec 01 15:38:28.351 INFO [stdout]                                at libstd/panicking.rs:325
Dec 01 15:38:28.351 INFO [stdout]    7:     0x5591d2ce327c - core::panicking::panic_fmt::h6f9cebf5e7474a0b
Dec 01 15:38:28.351 INFO [stdout]                                at libcore/panicking.rs:77
Dec 01 15:38:28.351 INFO [stdout]    8:     0x5591d2c77e78 - core::result::unwrap_failed::hb3d855d827fb104d
Dec 01 15:38:28.351 INFO [stdout]    9:     0x5591d2c77cfb - <core::result::Result<T, E>>::expect::ha0e2abc95339bd1e
Dec 01 15:38:28.351 INFO [stdout]   10:     0x5591d2c7871e - rust_out::main::h944e552f3f67b4ba
Dec 01 15:38:28.351 INFO [stdout]   11:     0x5591d2c78ab2 - std::rt::lang_start::{{closure}}::h75e93374870778fd
Dec 01 15:38:28.351 INFO [stdout]   12:     0x5591d2ca44b2 - std::panicking::try::do_call::h52e7f80ff0fdcc45
Dec 01 15:38:28.351 INFO [stdout]                                at libstd/rt.rs:59
Dec 01 15:38:28.351 INFO [stdout]                                at libstd/panicking.rs:310
Dec 01 15:38:28.351 INFO [stdout]   13:     0x5591d2cb43c9 - __rust_maybe_catch_panic
Dec 01 15:38:28.351 INFO [stdout]                                at libpanic_unwind/lib.rs:102
Dec 01 15:38:28.351 INFO [stdout]   14:     0x5591d2c9c07a - std::rt::lang_start_internal::h38cae898de7f805c
Dec 01 15:38:28.351 INFO [stdout]                                at libstd/panicking.rs:289
Dec 01 15:38:28.351 INFO [stdout]                                at libstd/panic.rs:392
Dec 01 15:38:28.351 INFO [stdout]                                at libstd/rt.rs:58
Dec 01 15:38:28.351 INFO [stdout]   15:     0x5591d2c78a94 - std::rt::lang_start::h75a65a13903c9f73
Dec 01 15:38:28.351 INFO [stdout]   16:     0x5591d2c7887a - main
Dec 01 15:38:28.351 INFO [stdout]   17:     0x7faffc98982f - __libc_start_main
Dec 01 15:38:28.351 INFO [stdout]   18:     0x5591d2c75f58 - _start
Dec 01 15:38:28.351 INFO [stdout]   19:                0x0 - <unknown>
Dec 01 15:38:28.351 INFO [stdout] 
Dec 01 15:38:28.351 INFO [stdout] ', librustdoc/test.rs:367:17
Dec 01 15:38:28.351 INFO [stdout] stack backtrace:
Dec 01 15:38:28.351 INFO [stdout]    0:     0x7f59d54df90f - std::sys::unix::backtrace::tracing::imp::unwind_backtrace::h3a8b83e1922cbdde
Dec 01 15:38:28.351 INFO [stdout]                                at libstd/sys/unix/backtrace/tracing/gcc_s.rs:49
Dec 01 15:38:28.351 INFO [stdout]    1:     0x7f59d54c4897 - std::sys_common::backtrace::print::h00d3155a29b4020f
Dec 01 15:38:28.351 INFO [stdout]                                at libstd/sys_common/backtrace.rs:71
Dec 01 15:38:28.351 INFO [stdout]                                at libstd/sys_common/backtrace.rs:59
Dec 01 15:38:28.351 INFO [stdout]    2:     0x7f59d54eacef - std::panicking::default_hook::{{closure}}::hd7465c742e79e1bb
Dec 01 15:38:28.351 INFO [stdout]                                at libstd/panicking.rs:211
Dec 01 15:38:28.351 INFO [stdout]    3:     0x7f59d54ea9ee - std::panicking::default_hook::h9e3966f2aa2a6e12
Dec 01 15:38:28.351 INFO [stdout]                                at libstd/panicking.rs:221
Dec 01 15:38:28.351 INFO [stdout]    4:     0x7f59d7675951 - rustc::util::common::panic_hook::h27965632b67fe74e
Dec 01 15:38:28.351 INFO [stdout]    5:     0x7f59d54eb4e6 - std::panicking::rust_panic_with_hook::h587f091ae747d080
Dec 01 15:38:28.351 INFO [stdout]                                at libstd/panicking.rs:480
Dec 01 15:38:28.351 INFO [stdout]    6:     0x7f59d54eb031 - std::panicking::continue_panic_fmt::hb3a4fdede87f43a8
Dec 01 15:38:28.351 INFO [stdout]                                at libstd/panicking.rs:390
Dec 01 15:38:28.351 INFO [stdout]    7:     0x7f59d54eaf7e - std::panicking::begin_panic_fmt::h387afc7da9a10555
Dec 01 15:38:28.351 INFO [stdout]                                at libstd/panicking.rs:345
Dec 01 15:38:28.351 INFO [stdout]    8:     0x560830f98ff8 - <rustdoc::test::Collector as rustdoc::test::Tester>::add_test::{{closure}}::{{closure}}::{{closure}}::h1a7d462b7674a13e
Dec 01 15:38:28.351 INFO [stdout]                                at librustdoc/test.rs:367
Dec 01 15:38:28.351 INFO [stdout]                                at librustdoc/test.rs:596
Dec 01 15:38:28.351 INFO [stdout]    9:     0x560830f4e1f8 - <scoped_tls::ScopedKey<T>>::set::h9a299037e2efdd79
Dec 01 15:38:28.351 INFO [stdout]                                at /cargo/registry/src/github.com-1ecc6299db9ec823/scoped-tls-0.1.2/src/lib.rs:155
Dec 01 15:38:28.351 INFO [stdout]                                at libsyntax/lib.rs:106
Dec 01 15:38:28.351 INFO [stdout]                                at /cargo/registry/src/github.com-1ecc6299db9ec823/scoped-tls-0.1.2/src/lib.rs:155
Dec 01 15:38:28.351 INFO [stdout]   10:     0x560830d52601 - syntax::with_globals::hc9a23e436a64729f
Dec 01 15:38:28.351 INFO [stdout]                                at libsyntax/lib.rs:105
Dec 01 15:38:28.351 INFO [stdout]   11:     0x560830e04dbb - std::panicking::try::do_call::hd95e3a92339aa7c0
Dec 01 15:38:28.351 INFO [stdout]                                at librustdoc/test.rs:593
Dec 01 15:38:28.351 INFO [stdout]                                at libstd/panic.rs:313
Dec 01 15:38:28.351 INFO [stdout]                                at libstd/panicking.rs:310
Dec 01 15:38:28.351 INFO [stdout]   12:     0x7f59d54f8cd9 - __rust_maybe_catch_panic
Dec 01 15:38:28.351 INFO [stdout]                                at libpanic_unwind/lib.rs:102
Dec 01 15:38:28.351 INFO [stdout]   13:     0x560830e27f49 - rustc_driver::in_named_rustc_thread::h5d5326e5f9843b1f
Dec 01 15:38:28.351 INFO [stdout]                                at libstd/panicking.rs:289
Dec 01 15:38:28.351 INFO [stdout]                                at libstd/panic.rs:392
Dec 01 15:38:28.351 INFO [stdout]                                at librustc_driver/lib.rs:1546
Dec 01 15:38:28.351 INFO [stdout]   14:     0x560830f66eb0 - <F as alloc::boxed::FnBox<A>>::call_box::h85b70bbf522f8d35
Dec 01 15:38:28.351 INFO [stdout]                                at librustdoc/test.rs:593
Dec 01 15:38:28.351 INFO [stdout]                                at liballoc/boxed.rs:672
Dec 01 15:38:28.351 INFO [stdout]   15:     0x7f59d6b5a022 - <F as alloc::boxed::FnBox<A>>::call_box::h37f4bb882553d58c
Dec 01 15:38:28.351 INFO [stdout]                                at libtest/lib.rs:1461
Dec 01 15:38:28.351 INFO [stdout]                                at liballoc/boxed.rs:672
Dec 01 15:38:28.351 INFO [stdout]   16:     0x7f59d54f8cd9 - __rust_maybe_catch_panic
Dec 01 15:38:28.351 INFO [stdout]                                at libpanic_unwind/lib.rs:102
Dec 01 15:38:28.351 INFO [stdout]   17:     0x7f59d6b82462 - std::sys_common::backtrace::__rust_begin_short_backtrace::hb8f0d0309526c184
Dec 01 15:38:28.351 INFO [stdout]                                at libstd/panicking.rs:289
Dec 01 15:38:28.351 INFO [stdout]                                at libstd/panic.rs:392
Dec 01 15:38:28.351 INFO [stdout]                                at libtest/lib.rs:1423
Dec 01 15:38:28.351 INFO [stdout]                                at libstd/sys_common/backtrace.rs:136
Dec 01 15:38:28.351 INFO [stdout]   18:     0x7f59d6b83204 - std::panicking::try::do_call::hc2f7c8b9a348d8db
Dec 01 15:38:28.351 INFO [stdout]                                at libstd/thread/mod.rs:409
Dec 01 15:38:28.351 INFO [stdout]                                at libstd/panic.rs:313
Dec 01 15:38:28.351 INFO [stdout]                                at libstd/panicking.rs:310
Dec 01 15:38:28.351 INFO [stdout]   19:     0x7f59d54f8cd9 - __rust_maybe_catch_panic
Dec 01 15:38:28.351 INFO [stdout]                                at libpanic_unwind/lib.rs:102
Dec 01 15:38:28.351 INFO [stdout]   20:     0x7f59d6b6b94c - <F as alloc::boxed::FnBox<A>>::call_box::h6bfded618e480b32
Dec 01 15:38:28.351 INFO [stdout]                                at libstd/panicking.rs:289
Dec 01 15:38:28.351 INFO [stdout]                                at libstd/panic.rs:392
Dec 01 15:38:28.351 INFO [stdout]                                at libstd/thread/mod.rs:408
Dec 01 15:38:28.351 INFO [stdout]                                at liballoc/boxed.rs:672
Dec 01 15:38:28.352 INFO [stdout]   21:     0x7f59d54e5c9d - std::sys_common::thread::start_thread::h4c28257d67cdf9cb
Dec 01 15:38:28.352 INFO [stdout]                                at liballoc/boxed.rs:682
Dec 01 15:38:28.352 INFO [stdout]                                at libstd/sys_common/thread.rs:24
Dec 01 15:38:28.352 INFO [stdout]   22:     0x7f59d54bb4d5 - std::sys::unix::thread::Thread::new::thread_start::hfecb2e7eff8fd34f
Dec 01 15:38:28.352 INFO [stdout]                                at libstd/sys/unix/thread.rs:90
Dec 01 15:38:28.352 INFO [stdout]   23:     0x7f59d50476b9 - start_thread
Dec 01 15:38:28.352 INFO [stdout]   24:     0x7f59d4b6741c - clone
Dec 01 15:38:28.352 INFO [stdout]   25:                0x0 - <unknown>
Dec 01 15:38:28.352 INFO [stdout] query stack during panic:
Dec 01 15:38:28.352 INFO [stdout] end of query stack
Dec 01 15:38:28.352 INFO [stdout] 
Dec 01 15:38:28.352 INFO [stdout] 
Dec 01 15:38:28.352 INFO [stdout] failures:
Dec 01 15:38:28.352 INFO [stdout]     src/lib.rs -  (line 30)
Dec 01 15:38:28.352 INFO [stdout] 
Dec 01 15:38:28.352 INFO [stdout] test result: FAILED. 3 passed; 1 failed; 0 ignored; 0 measured; 0 filtered out
Dec 01 15:38:28.352 INFO [stdout] 
Dec 01 15:38:28.375 INFO [stderr] error: test failed, to rerun pass '--doc'
Dec 01 15:38:28.375 INFO [stderr] su: No module specific data is present
Dec 01 15:38:28.938 INFO running `"docker" "inspect" "4f3e3e4a446df55c648c1c78bfe7ce28341a3b615fd95dba5ed0d987dbbc4392"`
Dec 01 15:38:29.259 INFO running `"docker" "rm" "-f" "4f3e3e4a446df55c648c1c78bfe7ce28341a3b615fd95dba5ed0d987dbbc4392"`
Dec 01 15:38:29.643 INFO [stdout] 4f3e3e4a446df55c648c1c78bfe7ce28341a3b615fd95dba5ed0d987dbbc4392
